5*s + 1 + 9. Suppose -44 = 13*n + 229. Let h = s - n. What are the prime factors of h?
19
Let a = 169 + -113. List the prime factors of a.
2, 7
Let h(v) = -v**2 - 2*v + 64. List the prime factors of h(0).
2
Let u(b) = -b**3 + b**2 + 7. Let o be u(0). Let n(k) = k**2 - 5*k. List the prime factors of n(o).
2, 7
Suppose 6*d + 197 = 2*z + d, 3*d + 195 = 2*z. List the prime factors of z.
2, 3
Let d be 404/12 - 2/(-6). Suppose 2*q = d - 0. What are the prime factors of q?
17
Let q(h) = -7*h - 1. Let y(o) = 6*o + 1. Let u(j) = 4*q(j) + 5*y(j). What are the prime factors of u(10)?
3, 7
Suppose -3*u = u - 16. List the prime factors of u.
2
Suppose 0 = 2*z + 3*z - 60. Suppose 0 = 2*f + 4*i - z + 2, -2*f - 5*i = -11. Suppose -f*r + 6*r - 6 = 0. List the prime factors of r.
2
Let x(i) = 29*i**2 - i - 1. Let d be x(-1). Suppose 2*m = 69 + d. List the prime factors of m.
7
Let n = 102 - 34. What are the prime factors of n?
2, 17
Let h be (-37)/(-7) + (-4)/14. Suppose 5*y = 6*y - h*m - 17, m = -5. Let q = -1 - y. What are the prime factors of q?
7
What are the prime factors of 87*4*(-4)/(-12)?
2, 29
Suppose 0 = -5*j - 4*g + 12, 1 = -2*g - 3. Let t = j + 2. List the prime factors of t.
2, 3
Suppose -4*j + 6*j + 28 = 0. Let x = -6 - j. What are the prime factors of x?
2
Let s(g) = 2*g - 2. Let x be s(3). Suppose -r + x = -4. List the prime factors of r.
2
Let h(t) be the third derivative of -t**5/60 + 5*t**4/24 - t**3/3 + 3*t**2. Let d be h(5). What are the prime factors of (-3 - -4)/(d/(-28))?
2, 7
Let u be (-1)/((-4)/(-100)) + 0. List the prime factors of (u/(-10))/(1/4).
2, 5
Let q be 1*-12*(-2)/6. Suppose a + q*v = 4*a + 8, -16 = a - 4*v. Suppose 2*f = a*f - 6. List the prime factors of f.
3
Let z(t) = t**2 + 4*t - 9. Let f be z(-7). Let j = f + 10. List the prime factors of j.
2, 11
Let b = -59 + 92. Suppose -2*n + b = n. List the prime factors of n.
11
Let a(h) = -h**2 - 7*h - 8. Let i be a(-6). Let n(o) = -3*o - 2. Let k be n(i). Suppose -u + 55 = k*u. List the prime factors of u.
11
Let b be 7/(-3) - 2/3. Let z = b + 8. Suppose -z*l = 25, o + 10 = 2*l - 7*l. What are the prime factors of o?
3, 5
Let d(t) = t**2 - 7*t - 2. Let l be d(7). Let k be 1/l - (-58)/4. Let p = k - -1. What are the prime factors of p?
3, 5
Let m(a) = -a**3 + 9*a**2 + 10*a. Let o be m(10). Let j = o + 14. List the prime factors of j.
2, 7
Let o(j) = -15*j + 16. List the prime factors of o(-5).
7, 13
Let t(m) = 35*m + 1. Let x(o) = o**3 + 5*o**2 + 3*o - 3. Let s be x(-4). List the prime factors of t(s).
2, 3
Let s = 383 + -243. List the prime factors of s.
2, 5, 7
Suppose -11*q + 55 = -16*q. Let t = -10 + 7. What are the prime factors of 0 - q*(-3)/t?
11
Let o = 22 - 15. What are the prime factors of o?
7
List the prime factors of (-16)/(-20)*(-30)/(-4).
2, 3
Suppose -w - 9 - 3 = 0. Let k = -5 - w. What are the prime factors of k?
7
Let s(m) = -7*m**2 - m - 1. Let u(t) = t**3 - 4*t**2 + 4*t - 4. Let a be u(3). Let v be s(a). Let n = v - -18. List the prime factors of n.
11
Suppose -4*g + 265 = l - 0*g, 0 = -5*l - 5*g + 1265. List the prime factors of l.
3, 83
Suppose -2*t - 2*t + 8 = 0. Suppose 5*l + t*f = 50, l + 4*f - 10 = -0*l. What are the prime factors of (-15)/(-2) + 5/l?
2
Let r(v) = 12*v**3 - v**2 + v. Let l(d) = d**3 - 7*d**2 - d + 10. Let i be l(7). Suppose i*x - 5 = -2. List the prime factors of r(x).
2, 3
Let p = 8 - 7. Suppose -y + 1 = -p. What are the prime factors of y?
2
Suppose 73*x = 76*x - 525. What are the prime factors of x?
5, 7
Let g(q) = 7*q**2 - 5*q + 9. List the prime factors of g(6).
3, 7, 11
Let c be 60/5 - (-1 + 2). What are the prime factors of (c/2)/((-2)/(-4))?
11
Suppose -2*v + 3*v = 5. Suppose v*x = x + 4. Let h = x + 1. List the prime factors of h.
2
Suppose 2*v = -q + 28, v + 41 = 4*q - 35. What are the prime factors of q?
2, 5
Let o = 17 - 27. Let q = o + -5. What are the prime factors of (110/q)/((-2)/3)?
11
List the prime factors of 28 - -2*(-12)/(-8).
31
Let y(s) = -s**2 + s. Let n(i) = -i**2 + 9*i + 2. Let g(l) = -n(l) + 2*y(l). What are the prime factors of g(-5)?
2
Let q = 0 - 1. Let f = 2 + q. What are the prime factors of f*6*8/12?
2
Let u(w) = w**3 - 6*w**2 - 5. Let d be u(7). Suppose 2*c - d - 28 = 0. Suppose c = 4*z - 28. What are the prime factors of z?
2
Let d be -2*2*(-3)/4. Suppose -5*t + j + 16 = -d, 3*t = 5*j + 29. What are the prime factors of t?
3
Suppose -a - 26 = -3*a. Let z = a + -8. What are the prime factors of z?
5
Let q = 6 - 3. Suppose i = -0*f + q*f + 26, 3*i = 6. Let s = -1 - f. List the prime factors of s.
7
Suppose 421 = 5*l - r - r, -3*l = 2*r - 259. What are the prime factors of l?
5, 17
Let d(x) = x**3 - 4*x**2 - 8*x - 1. Let g(p) = 4*p**3 - 11*p**2 - 25*p - 4. Let a(f) = 7*d(f) - 2*g(f). List the prime factors of a(-5).
2, 3
Let z(b) = -b**2 - b. Let o(d) = -8*d**2 + 6*d - 1. Let c(j) = -o(j) - 4*z(j). Let s = 2 + -1. What are the prime factors of c(s)?
11
Let q = 492 - 334. What are the prime factors of q?
2, 79
Suppose -2*k + 3 = -9. Let l be 1/2 - 3/k. List the prime factors of 5*(l - -2 - 1).
5
Let s(j) = j + 9. Let x be s(-9). Suppose -2*m + 4*m - 25 = 3*o, x = 5*m - 2*o - 35. List the prime factors of m.
5
Suppose s = 44 + 23. What are the prime factors of s?
67
Suppose -2*w + 321 = -27. What are the prime factors of w?
2, 3, 29
Let h = -124 - -146. What are the prime factors of h?
2, 11
Let g(t) = -3*t**3 - 9*t**2 + 5*t - 20. Let z(s) = s**3 + 5*s**2 - 3*s + 10. Let v(l) = -2*g(l) - 5*z(l). List the prime factors of v(7).
5
Let s(i) = 2*i + 1. Let o be s(-2). Let g be (-3)/1 + (15 - o). Let t = -3 + g. List the prime factors of t.
2, 3
Suppose l + 73 = 2*i, 0 = 2*i + 3*l - 6 - 47. What are the prime factors of i?
2, 17
Let v(y) = 11*y**2 + 10*y + 4. List the prime factors of v(-3).
73
Let f = -9 + 22. List the prime factors of f.
13
Suppose 3*m - 28 = 2*m. Suppose -4*q + m = -0*q. What are the prime factors of q?
7
Suppose 0 = -5*o + g + 87, 3*o - 45 = g - 4*g. Suppose -c - 20 = -5*f, -2*f + f - o = 4*c. Suppose -34 = -f*w + 2. What are the prime factors of w?
2, 3
List the prime factors of (-6)/16 - (-1763)/8.
2, 5, 11
Let g(c) = c**2 + 4*c. Let r be g(-3). Let u be ((-6)/(-15))/(r/(-30)). Suppose -f + 0*d = d - 12, -u*f = -3*d - 76. What are the prime factors of f?
2
Suppose 3*i - 3*f - 14 = 58, 0 = 5*i - 2*f - 105. List the prime factors of i.
19
Let q = -6 - -6. Suppose 0 = -m - 2*m + 12. Suppose -m = -2*y - q. What are the prime factors of y?
2
Let k(x) = -x**2 - 9*x + 23. What are the prime factors of k(-10)?
13
Suppose 0 = 9*i - 174 + 48. List the prime factors of i.
2, 7
List the prime factors of (6/(-15))/(2/(-170)).
2, 17
Let s be 3 + -1 - 1*-1. Suppose 0 = s*i - 4*d - 23, 0 = 4*i - 0*d + 4*d - 12. Suppose -i = 3*t - 17. What are the prime factors of t?
2
Suppose -2*i + i + 51 = -4*p, 5*p = -20. What are the prime factors of i?
5, 7
Let y = 15 + -10. Suppose y*k = -3 + 53. What are the prime factors of k?
2, 5
Let m(c) = c**2 + 4*c - 3. Let k be m(-6). List the prime factors of k + 2*(-9)/(-6).
2, 3
Suppose 0 = 5*j - 2*p - 378, -68 = -2*j - 4*p + 88. What are the prime factors of j?
2, 19
Let b(n) = -6*n + n + 2*n**2 - n**2 - 2*n**2 - 4. List the prime factors of b(-3).
2
Let n = 165 + -108. What are the prime factors of n?
3, 19
Let p = 82 - 50. Let m = p + 26. What are the prime factors of m?
2, 29
Let x(r) = r**2 - r - 2. Let i be x(-2). Suppose i*o - 4*f - 348 = 0, 5*o - f = 584 - 157. Suppose 0 = 5*n - 0*n - o. List the prime factors of n.
17
Suppose 4*y - 300 = -44. What are the prime factors of y?
2
What are the prime factors of (4671/(-27))/(-1 + 0 - 0)?
173
Suppose 0 = -l - p + 3, -2*p = -5*l - 6*p + 16. What are the prime factors of 26*1/(l/4)?
2, 13
Let x be 7 + (-2)/2 + 3. Let q be 2/x + 912/27. What are the prime factors of q/6 + 2/(-3)?
5
Let d = -6 + 6. Suppose 4*o - 20 = d, m + m - 5*o = -33. Let a(f) = f**3 + 4*f**2 - 2*f - 3. What are the prime factors of a(m)?
5
Suppose 57 = -q + 142. List the prime factors of q.
5, 17
Let h(f) = -f**3 + 9*f**2 + 7*f - 12. What are the prime factors of h(9)?
3, 17
Let a(v) = -v**2 + 11*v - 4. What are the prime factors of a(7)?
2, 3
Let b(n) = n + 11. Let p be b(-5). What are the prime factors of (1 + (-2)/p)*18?
2, 3
Let w(n) = n**3 + 